ber?
False
Is 286607650495 a composite number?
True
Is 582388579 a composite number?
False
Is 102496592467 prime?
True
Is 20521111099 prime?
False
Is 55132723469 prime?
True
Is 14534512877 prime?
True
Is 33987669983 prime?
False
Is 297352343 a composite number?
False
Is 424232083 composite?
True
Is 1059819181 composite?
True
Is 638730002 composite?
True
Is 821346853 composite?
False
Is 8207551571 a composite number?
False
Is 794319739 a composite number?
True
Is 89685241 composite?
True
Is 8717539 a composite number?
True
Is 3309133213 prime?
True
Is 632451143 a prime number?
True
Is 5222559187 composite?
True
Is 5215333943 a prime number?
True
Is 404411509 composite?
True
Is 62582985047 composite?
True
Is 983582161 a composite number?
False
Is 57875498617 a prime number?
True
Is 1756052687 prime?
True
Is 272152717 prime?
True
Is 2506029793 prime?
False
Is 3236523673 a composite number?
False
Is 18670371151 a composite number?
False
Is 1105296527 a prime number?
True
Is 278015496001 prime?
False
Is 3464996477 composite?
True
Is 2048945117 prime?
False
Is 2011760935 a composite number?
True
Is 726639073 a composite number?
True
Is 4101897539 a prime number?
True
Is 8382032279 a composite number?
True
Is 90772823 a prime number?
False
Is 1037669299 a prime number?
False
Is 8090750333 prime?
False
Is 6680042399 prime?
True
Is 414955357 composite?
False
Is 87977341 prime?
False
Is 5940236977 a prime number?
True
Is 134760981 prime?
False
Is 8876328911 a composite number?
True
Is 3399511313 a prime number?
False
Is 2849321087 composite?
True
Is 5264714261 prime?
False
Is 11023612751 a composite number?
False
Is 206223179 prime?
True
Is 20098876643 a composite number?
True
Is 2266677349 a prime number?
True
Is 12245867189 prime?
False
Is 199084181599 a prime number?
False
Is 20325107233 composite?
False
Is 249201077 a composite number?
False
Is 229497153421 a prime number?
True
Is 71534389 composite?
False
Is 9621699701 composite?
True
Is 65017656547 a prime number?
False
Is 367171363 a prime number?
False
Is 138569356847 composite?
True
Is 3251426863 composite?
True
Is 40465588093 composite?
True
Is 2070502661 prime?
True
Is 378201763 a prime number?
False
Is 6081902383 a composite number?
False
Is 15743190433 prime?
True
Is 14908589 a prime number?
False
Is 5546279 composite?
True
Is 7765513001 composite?
False
Is 10140368003 prime?
True
Is 42493723109 composite?
True
Is 938956781 a composite number?
True
Is 9221850403 composite?
True
Is 49565976157 composite?
False
Is 279221332649 a composite number?
True
Is 109987657895 a composite number?
True
Is 27602349011 a composite number?
False
Is 30803623313 composite?
True
Is 530583799 composite?
True
Is 407043127 a composite number?
True
Is 252611461 composite?
True
Is 101772283 composite?
True
Is 649527299 prime?
True
Is 656333203 composite?
True
Is 6809819 a composite number?
True
Is 66591037 a prime number?
True
Is 129153077 prime?
False
Is 35473117567 a composite number?
True
Is 879504461 composite?
True
Is 11749955311 a composite number?
False
Is 31046199277 prime?
False
Is 153555982519 composite?
True
Is 7426950511 prime?
True
Is 1079244211 a composite number?
False
Is 46503068263 composite?
False
Is 6194223667 composite?
True
Is 7899166397 prime?
True
Is 5187554789 a composite number?
False
Is 16592363521 a prime number?
False
Is 6556957697 prime?
False
Is 2392692901 a composite number?
True
Is 1613728013 a composite number?
True
Is 828436187 a prime number?
False
Is 760892047 a composite number?
False
Is 43086367 prime?
False
Is 14088547631 a composite number?
False
Is 2770239557 a prime number?
False
Is 59948154933 a composite number?
True
Is 93288427 prime?
False
Is 12045543361 prime?
True
Is 55201762753 a composite number?
True
Is 3457223297 prime?
False
Is 3809846041 a composite number?
False
Is 2139494389 a composite number?
False
Is 1688725117 a prime number?
False
Is 5469091049 prime?
False
Is 5115026039 prime?
False
Is 49201318303 composite?
True
Is 2228519191 a composite number?
True
Is 2906049929 composite?
False
Is 31398382343 prime?
True
Is 602587061 prime?
False
Is 913516049 prime?
True
Is 6227117173 prime?
True
Is 580435445 a composite number?
True
Is 1214607763 a composite number?
False
Is 583486037 a prime number?
True
Is 85442969 a prime number?
False
Is 3004170907 composite?
False
Is 3683857666 a prime number?
False
Is 197704427 prime?
True
Is 10807125477 composite?
True
Is 53698094027 prime?
True
Is 1153995893 prime?
True
Is 70050347 prime?
True
Is 9714500431 a composite number?
False
Is 150621135901 a composite number?
False
Is 1392982841 prime?
False
Is 224892223 a prime number?
False
Is 80094913 prime?
False
Is 306391213 composite?
False
Is 33454680089 a composite number?
False
Is 2650274597 composite?
False
Is 2471892821 composite?
True
Is 319443491 a composite number?
False
Is 132351823 composite?
False
Is 171817584659 prime?
False
Is 9541942673 a composite number?
False
Is 1412512957 a prime number?
True
Is 50803306051 prime?
True
Is 917380073 composite?
False
Is 65979971 a composite number?
False
Is 3976111481 prime?
True
Is 5640883763 composite?
False
Is 23863116647 prime?
True
Is 155877960809 a prime number?
False
Is 201776567 prime?
False
Is 1040180587 a prime number?
True
Is 784739821 prime?
True
Is 33183087519 a prime number?
False
Is 740651269 a prime number?
True
Is 505000979 a composite number?
True
Is 26305413229 a composite number?
False
Is 87172903 prime?
True
Is 24021651553 composite?
False
Is 185537923 prime?
True
Is 33324191749 composite?
False
Is 41049205979 a prime number?
True
Is 743812679 prime?
False
Is 30603068089 a composite number?
True
Is 27694962177 composite?
True
Is 39969256181 composite?
True
Is 23326641313 a prime number?
False
Is 141544022 a prime number?
False
Is 1822997203 composite?
False
Is 4666373557 a composite number?
True
Is 794781553 prime?
False
Is 93999739 a prime number?
True
Is 2037904091 a prime number?
True
Is 34918807127 prime?
True
Is 4725980339 a prime number?
True
Is 400969315 prime?
False
Is 14813428283 a composite number?
False
Is 126789063081 prime?
False
Is 839441531 composite?
False
Is 3534842843 a prime number?
False
Is 1516153019 a prime number?
True
Is 770058715 prime?
False
Is 1573616791 prime?
True
Is 6177251987 composite?
False
Is 420771389 prime?
True
Is 74569741 prime?
True
Is 6098987737 a prime number?
True
Is 1226028161 a prime number?
True
Is 2802330977 a prime number?
True
Is 101618035601 prime?
True
Is 69835712021 a composite number?
False
Is 7983191471 a prime number?
False
Is 20345570317 prime?
True
Is 1784709359 prime?
False
Is 78202054927 prime?
True
Is 9806355683 a composite number?
False
Is 1224503983 a prime number?
False
Is 581657399 prime?
True
Is 28847207 a composite number?
False
Is 9421063 prime?
True
Is 5737896211 composite?
False
Is 2010996269 composite?
True
Is 26179343 composite?
True
Is 42809477 a composite number?
True
Is 183163427 a prime number?
False
Is 43507760617 prime?
True
Is 880049743 composite?
False
Is 414090813 composite?
True
Is 1596764509 a prime number?
False
Is 928215641 a prime number?
True
Is 264166493 a composite number?
False
Is 2080265263 a prime number?
False
Is 52550095727 composite?
False
Is 745252441 a composite number?
True
Is 2131929407 prime?
False
Is 7626595903 a prime number?
True
Is 12616563329 a composite number?
True
Is 378522041 a composite number?
True
Is 3565847029 a prime number?
True
Is 741872627 a prime number?
True
Is 66931987 prime?
True
Is 417591379 prime?
False
Is 3459610691 prime?
True
Is 4180078849 composite?
False
Is 5330470129 a prime number?
True
Is 79244907559 a prime number?
False
Is 1946167501 composite?
True
Is 1591217557 prime?
True
Is 17773554859 prime?
False
Is 3261707011 a prime number?
True
Is 53040209753 composite?
True
Is 4811507 composite?
False
Is 222207529 a composite number?
True
Is 5745558449 prime?
True
Is 41953978639 a composite number?
False
Is 1356649519 a composite number?
False
Is 1123938203 composite?
False
Is 46244298613 composite?
False
Is 87023751665 a prime number?
False
Is 50401068269 prime?
False
Is 521223803 a composite number?
False
Is 124709219 a composite number?
True
Is 155727427 prime?
True
Is 1434552